{"id":11030,"date":"2026-04-17T17:18:37","date_gmt":"2026-04-17T15:18:37","guid":{"rendered":"https:\/\/www.epsilon-pc.fr\/index.php\/produit\/asus-tuf-gaming-vg27wq3b-ecran-plat-de-pc\/"},"modified":"2026-04-29T09:44:31","modified_gmt":"2026-04-29T07:44:31","slug":"asus-tuf-gaming-vg27wq3b-ecran-plat-de-pc","status":"publish","type":"product","link":"https:\/\/www.epsilon-pc.fr\/index.php\/produit\/asus-tuf-gaming-vg27wq3b-ecran-plat-de-pc\/","title":{"rendered":"ASUS TUF GAMING VG27WQ3B \/ 27 Pouces"},"content":{"rendered":"<p>\u00c9cran gaming incurv\u00e9 de 27 pouces QHD 1500R avec un taux de rafra\u00eechissement ultra-rapide de 180 Hz, con\u00e7u pour les gamers professionnels et une exp\u00e9rience de jeu immersive.<br \/>\nLa technologie ASUS Fast IPS permet un temps de r\u00e9ponse de 0,5 ms (minimum) pour des visuels de jeu nets avec des taux d&rsquo;images \u00e9lev\u00e9s.<br \/>\nLa technologie ASUS Extreme Low Motion Blur (ELMB) \u00e9limine les effets de flou et de d\u00e9chirement pour des visuels de jeu clairs.<br \/>\nShadow Boost am\u00e9liore les d\u00e9tails des images dans les zones sombres, \u00e9clairant les sc\u00e8nes sans surexposer les zones lumineuses.<\/p>\n<p>Couleur du produit<br \/>\nNoir<br \/>\nHauteur du colis<br \/>\n520 mm<br \/>\nLargeur du colis<br \/>\n680 mm<br \/>\nPoids du paquet<br \/>\n6,9 kg<br \/>\nProfondeur du colis<br \/>\n150 mm<br \/>\nType d&#8217;emballage<br \/>\nBo\u00eete<br \/>\nDiagonale d&rsquo;\u00e9cran (cm)<br \/>\n69 cm<br \/>\nQuantit\u00e9 de ports HDMI<br \/>\n2<br \/>\nR\u00e9solution de l&rsquo;\u00e9cran<br \/>\n2560 x 1440 pixels<br \/>\nR\u00e9tro\u00e9clairage \u00e0 LED<br \/>\nOui<br \/>\nSortie de casque<br \/>\n1<br \/>\nTaille de l&rsquo;\u00e9cran<br \/>\n27&Prime;<br \/>\nTaux de rafraichissement<br \/>\n180 Hz<br \/>\nType HD<br \/>\nQuad HD<br \/>\nType de panneau<br \/>\nFast VA<br \/>\n\u00c9cran tactile<br \/>\nNon<br \/>\nConsommation d&rsquo;\u00e9nergie (mode veille)<br \/>\n0,5 W<br \/>\nConsommation \u00e9lectrique (arr\u00eat)<br \/>\n0,3 W<br \/>\nConsommation \u00e9lectrique typique<br \/>\n23 W<br \/>\nCertificats de durabilit\u00e9<br \/>\nForest Stewardship Council (FSC) Mix<br \/>\nTension d&rsquo;entr\u00e9e AC<br \/>\n100 &#8211; 240 V<br \/>\nQuantit\u00e9 d&rsquo;interface DisplayPorts<br \/>\n1<br \/>\nVersion HDMI<br \/>\n2.0<br \/>\nVersion de DisplayPort<br \/>\n1.4<br \/>\nPositionnement de march\u00e9<br \/>\nGaming<br \/>\nFormat d&rsquo;image<br \/>\n16:9<br \/>\nPort de c\u00e2ble antivol<br \/>\nOui<br \/>\nPrise en charge HDR<br \/>\nOui<br \/>\nTechnologie HDR (plage dynamique \u00e9lev\u00e9e)<br \/>\nHigh Dynamic Range 10 (HDR10)<br \/>\nType d&#8217;emplacement de verrouillage de c\u00e2ble<br \/>\nKensington<br \/>\n\u00c9cran antireflet<br \/>\nOui<br \/>\nAMD FreeSync<br \/>\nOui<br \/>\nAjustement de l&rsquo;inclinaison<br \/>\nOui<br \/>\nAngle d&rsquo;inclinaison<br \/>\n-5 &#8211; 23\u00b0<br \/>\nAngle de vision horizontal<br \/>\n178\u00b0<br \/>\nAngle de vision vertical<br \/>\n178\u00b0<br \/>\nAppareil photo int\u00e9gr\u00e9<br \/>\nNon<br \/>\nConcentrateur USB int\u00e9gr\u00e9<br \/>\nNon<br \/>\nCouleurs pieds<br \/>\nNoir<br \/>\nCouverture sRGB (max)<br \/>\n125%<br \/>\nForme d&rsquo;\u00e9cran<br \/>\nIncurv\u00e9<br \/>\nFr\u00e9quence d&rsquo;entr\u00e9e AC<br \/>\n50\/60 Hz<br \/>\nHDCP<br \/>\nOui<br \/>\nHDMI<br \/>\nOui<br \/>\nHaut-parleurs int\u00e9gr\u00e9s<br \/>\nOui<br \/>\nHauteur (sans support)<br \/>\n367 mm<br \/>\nHauteur (support inclus)<br \/>\n456 mm<br \/>\nLargeur (sans support)<br \/>\n610 mm<br \/>\nLargeur appareil (support inclus)<br \/>\n610 mm<br \/>\nLuminosit\u00e9 de l&rsquo;\u00e9cran (typique)<br \/>\n300 cd\/m\u00b2<br \/>\nMontage VESA<br \/>\nOui<br \/>\nNombre de couleurs affich\u00e9es<br \/>\n16,7 millions de couleurs<br \/>\nNombre de haut-parleurs<br \/>\n2<br \/>\nNorme VESA<br \/>\n100 x 100 mm<br \/>\nPas de pixel<br \/>\n0,233 x 0,233 mm<br \/>\nPoids (avec support)<br \/>\n4,9 kg<br \/>\nPoids (sans support)<br \/>\n4,2 kg<br \/>\nProfondeur (sans support)<br \/>\n80 mm<br \/>\nProfondeur (support inclus)<br \/>\n193 mm<br \/>\nPuissance \u00e9valu\u00e9e de RMS<br \/>\n4 W<br \/>\nR\u00e9glage de la hauteur<br \/>\nNon<br \/>\nSortie casque audio<br \/>\nOui<br \/>\nTaille visualisable horizontale<br \/>\n59,7 cm<br \/>\nTaille visualisable verticale<br \/>\n33,6 cm<br \/>\nTaux de contraste<br \/>\n5000:1<br \/>\nTechnologie Low-Blue-Light<br \/>\nOui<br \/>\nTechnologie d&rsquo;affichage<br \/>\nLCD<br \/>\nTechnologie sans scintillement<br \/>\nOui<br \/>\nTemps de r\u00e9ponse<br \/>\n1 ms<br \/>\nType AMD FreeSync<br \/>\nFreeSync<br \/>\nPalette de couleurs DCI-P3<br \/>\n90%<br \/>\nTaux de courbure d&rsquo;\u00e9cran<br \/>\n1500R<br \/>\nFr\u00e9quence de balayage vertical<br \/>\n48 &#8211; 180 Hz<br \/>\nR\u00e9duction du flou de mouvement<br \/>\nOui<br \/>\nMode Jeu<br \/>\nOui<br \/>\nClasse d&rsquo;efficacit\u00e9 \u00e9nerg\u00e9tique (SDR)<br \/>\nE<br \/>\nConsommation d&rsquo;\u00e9nergie (SDR) pour 1000 heures<br \/>\n21 kWh<br \/>\nFr\u00e9quence num\u00e9rique horizontale<br \/>\n267 &#8211; 267 kHz<br \/>\nPlage d\u2019efficacit\u00e9 \u00e9nerg\u00e9tique<br \/>\nA \u00e0 G<br \/>\nClasse d&rsquo;efficacit\u00e9 \u00e9nerg\u00e9tique (HDR)<br \/>\nG<br \/>\nConsommation d&rsquo;\u00e9nergie (HDR) pour 1000 heures<br \/>\n45 kWh<br \/>\nPrise en charge de VESA Adaptive Sync<br \/>\nOui<br \/>\nConsommation d&rsquo;\u00e9nergie (mode \u00e9conomie)<br \/>\n0,5 W<br \/>\nNorme de gamme de couleurs<br \/>\nDCI-P3, sRGB<br \/>\nCode du registre europ\u00e9en des produits pour l&rsquo;\u00e9tiquetage \u00e9nerg\u00e9tique (EPREL)<br \/>\n2102158<br \/>\nType de mesure du temps de r\u00e9ponse<br \/>\nGTG (Gray to Gray)<\/p>\n","protected":false},"excerpt":{"rendered":"<p><strong>\ud83e\udd85 ASUS : L&rsquo;affichage sans compromis pour les joueurs et les cr\u00e9ateurs<\/strong><\/p>\n<p>Que vous cherchiez la fluidit\u00e9 absolue en jeu ou une colorim\u00e9trie parfaite pour le montage, ASUS propose des dalles de tr\u00e8s haute qualit\u00e9.<\/p>\n<ul>\n<li><strong>\ud83d\udc51 ROG &amp; TUF Gaming :<\/strong> Des fr\u00e9quences de rafra\u00eechissement extr\u00eames, des temps de r\u00e9ponse minimes et une compatibilit\u00e9 G-Sync\/FreeSync pour une fluidit\u00e9 parfaite.<\/li>\n<li><strong>\ud83c\udfa8 ProArt :<\/strong> Des \u00e9crans pr\u00e9-calibr\u00e9s en usine, destin\u00e9s aux professionnels de l&rsquo;image exigeant une fid\u00e9lit\u00e9 absolue des couleurs.<\/li>\n<\/ul>\n","protected":false},"featured_media":11029,"template":"","meta":{"ocean_post_layout":"","ocean_both_sidebars_style":"","ocean_both_sidebars_content_width":0,"ocean_both_sidebars_sidebars_width":0,"ocean_sidebar":"0","ocean_second_sidebar":"0","ocean_disable_margins":"enable","ocean_add_body_class":"","ocean_shortcode_before_top_bar":"","ocean_shortcode_after_top_bar":"","ocean_shortcode_before_header":"","ocean_shortcode_after_header":"","ocean_has_shortcode":"","ocean_shortcode_after_title":"","ocean_shortcode_before_footer_widgets":"","ocean_shortcode_after_footer_widgets":"","ocean_shortcode_before_footer_bottom":"","ocean_shortcode_after_footer_bottom":"","ocean_display_top_bar":"default","ocean_display_header":"default","ocean_header_style":"","ocean_center_header_left_menu":"0","ocean_custom_header_template":"0","ocean_custom_logo":0,"ocean_custom_retina_logo":0,"ocean_custom_logo_max_width":0,"ocean_custom_logo_tablet_max_width":0,"ocean_custom_logo_mobile_max_width":0,"ocean_custom_logo_max_height":0,"ocean_custom_logo_tablet_max_height":0,"ocean_custom_logo_mobile_max_height":0,"ocean_header_custom_menu":"0","ocean_menu_typo_font_family":"0","ocean_menu_typo_font_subset":"","ocean_menu_typo_font_size":0,"ocean_menu_typo_font_size_tablet":0,"ocean_menu_typo_font_size_mobile":0,"ocean_menu_typo_font_size_unit":"px","ocean_menu_typo_font_weight":"","ocean_menu_typo_font_weight_tablet":"","ocean_menu_typo_font_weight_mobile":"","ocean_menu_typo_transform":"","ocean_menu_typo_transform_tablet":"","ocean_menu_typo_transform_mobile":"","ocean_menu_typo_line_height":0,"ocean_menu_typo_line_height_tablet":0,"ocean_menu_typo_line_height_mobile":0,"ocean_menu_typo_line_height_unit":"","ocean_menu_typo_spacing":0,"ocean_menu_typo_spacing_tablet":0,"ocean_menu_typo_spacing_mobile":0,"ocean_menu_typo_spacing_unit":"","ocean_menu_link_color":"","ocean_menu_link_color_hover":"","ocean_menu_link_color_active":"","ocean_menu_link_background":"","ocean_menu_link_hover_background":"","ocean_menu_link_active_background":"","ocean_menu_social_links_bg":"","ocean_menu_social_hover_links_bg":"","ocean_menu_social_links_color":"","ocean_menu_social_hover_links_color":"","ocean_disable_title":"default","ocean_disable_heading":"default","ocean_post_title":"","ocean_post_subheading":"","ocean_post_title_style":"","ocean_post_title_background_color":"","ocean_post_title_background":0,"ocean_post_title_bg_image_position":"","ocean_post_title_bg_image_attachment":"","ocean_post_title_bg_image_repeat":"","ocean_post_title_bg_image_size":"","ocean_post_title_height":0,"ocean_post_title_bg_overlay":0.5,"ocean_post_title_bg_overlay_color":"","ocean_disable_breadcrumbs":"default","ocean_breadcrumbs_color":"","ocean_breadcrumbs_separator_color":"","ocean_breadcrumbs_links_color":"","ocean_breadcrumbs_links_hover_color":"","ocean_display_footer_widgets":"default","ocean_display_footer_bottom":"default","ocean_custom_footer_template":"0"},"product_brand":[27],"product_cat":[88],"product_tag":[],"class_list":{"0":"post-11030","1":"product","2":"type-product","3":"status-publish","4":"has-post-thumbnail","6":"product_brand-asus","7":"product_cat-moniteur-27","8":"product_shipping_class-non-expediable","10":"entry","11":"has-media","13":"first","14":"outofstock","15":"taxable","16":"shipping-taxable","17":"purchasable","18":"product-type-simple","19":"has-product-nav","20":"col","21":"span_1_of_4","22":"owp-content-center","23":"owp-thumbs-layout-horizontal","24":"owp-btn-big","25":"owp-tabs-layout-horizontal","26":"has-no-thumbnails"},"yoast_head":"<!-- This site is optimized with the Yoast SEO plugin v27.3 - https:\/\/yoast.com\/product\/yoast-seo-wordpress\/ -->\n<title>ASUS TUF GAMING VG27WQ3B \/ 27 Pouces - Epsilon PC<\/title>\n<meta name=\"robots\" content=\"index, follow, max-snippet:-1, max-image-preview:large, max-video-preview:-1\" \/>\n<link rel=\"canonical\" href=\"https:\/\/www.epsilon-pc.fr\/index.php\/produit\/asus-tuf-gaming-vg27wq3b-ecran-plat-de-pc\/\" \/>\n<meta property=\"og:locale\" content=\"fr_FR\" \/>\n<meta property=\"og:type\" content=\"article\" \/>\n<meta property=\"og:title\" content=\"ASUS TUF GAMING VG27WQ3B \/ 27 Pouces - Epsilon PC\" \/>\n<meta property=\"og:description\" content=\"\ud83e\udd85 ASUS : L&#039;affichage sans compromis pour les joueurs et les cr\u00e9ateurs  Que vous cherchiez la fluidit\u00e9 absolue en jeu ou une colorim\u00e9trie parfaite pour le montage, ASUS propose des dalles de tr\u00e8s haute qualit\u00e9.   \ud83d\udc51 ROG &amp; TUF Gaming : Des fr\u00e9quences de rafra\u00eechissement extr\u00eames, des temps de r\u00e9ponse minimes et une compatibilit\u00e9 G-Sync\/FreeSync pour une fluidit\u00e9 parfaite.  \ud83c\udfa8 ProArt : Des \u00e9crans pr\u00e9-calibr\u00e9s en usine, destin\u00e9s aux professionnels de l&#039;image exigeant une fid\u00e9lit\u00e9 absolue des couleurs.\" \/>\n<meta property=\"og:url\" content=\"https:\/\/www.epsilon-pc.fr\/index.php\/produit\/asus-tuf-gaming-vg27wq3b-ecran-plat-de-pc\/\" \/>\n<meta property=\"og:site_name\" content=\"Epsilon PC\" \/>\n<meta property=\"article:modified_time\" content=\"2026-04-29T07:44:31+00:00\" \/>\n<meta property=\"og:image\" content=\"http:\/\/www.epsilon-pc.fr\/wp-content\/uploads\/2026\/04\/asus-vg27wq3b.jpg\" \/>\n\t<meta property=\"og:image:width\" content=\"800\" \/>\n\t<meta property=\"og:image:height\" content=\"800\" \/>\n\t<meta property=\"og:image:type\" content=\"image\/jpeg\" \/>\n<meta name=\"twitter:card\" content=\"summary_large_image\" \/>\n<meta name=\"twitter:label1\" content=\"Dur\u00e9e de lecture estim\u00e9e\" \/>\n\t<meta name=\"twitter:data1\" content=\"3 minutes\" \/>\n<script type=\"application\/ld+json\" class=\"yoast-schema-graph\">{\"@context\":\"https:\\\/\\\/schema.org\",\"@graph\":[{\"@type\":\"WebPage\",\"@id\":\"https:\\\/\\\/www.epsilon-pc.fr\\\/index.php\\\/produit\\\/asus-tuf-gaming-vg27wq3b-ecran-plat-de-pc\\\/\",\"url\":\"https:\\\/\\\/www.epsilon-pc.fr\\\/index.php\\\/produit\\\/asus-tuf-gaming-vg27wq3b-ecran-plat-de-pc\\\/\",\"name\":\"ASUS TUF GAMING VG27WQ3B \\\/ 27 Pouces - Epsilon PC\",\"isPartOf\":{\"@id\":\"https:\\\/\\\/www.epsilon-pc.fr\\\/#website\"},\"primaryImageOfPage\":{\"@id\":\"https:\\\/\\\/www.epsilon-pc.fr\\\/index.php\\\/produit\\\/asus-tuf-gaming-vg27wq3b-ecran-plat-de-pc\\\/#primaryimage\"},\"image\":{\"@id\":\"https:\\\/\\\/www.epsilon-pc.fr\\\/index.php\\\/produit\\\/asus-tuf-gaming-vg27wq3b-ecran-plat-de-pc\\\/#primaryimage\"},\"thumbnailUrl\":\"https:\\\/\\\/www.epsilon-pc.fr\\\/wp-content\\\/uploads\\\/2026\\\/04\\\/asus-vg27wq3b.jpg\",\"datePublished\":\"2026-04-17T15:18:37+00:00\",\"dateModified\":\"2026-04-29T07:44:31+00:00\",\"breadcrumb\":{\"@id\":\"https:\\\/\\\/www.epsilon-pc.fr\\\/index.php\\\/produit\\\/asus-tuf-gaming-vg27wq3b-ecran-plat-de-pc\\\/#breadcrumb\"},\"inLanguage\":\"fr-FR\",\"potentialAction\":[{\"@type\":\"ReadAction\",\"target\":[\"https:\\\/\\\/www.epsilon-pc.fr\\\/index.php\\\/produit\\\/asus-tuf-gaming-vg27wq3b-ecran-plat-de-pc\\\/\"]}]},{\"@type\":\"ImageObject\",\"inLanguage\":\"fr-FR\",\"@id\":\"https:\\\/\\\/www.epsilon-pc.fr\\\/index.php\\\/produit\\\/asus-tuf-gaming-vg27wq3b-ecran-plat-de-pc\\\/#primaryimage\",\"url\":\"https:\\\/\\\/www.epsilon-pc.fr\\\/wp-content\\\/uploads\\\/2026\\\/04\\\/asus-vg27wq3b.jpg\",\"contentUrl\":\"https:\\\/\\\/www.epsilon-pc.fr\\\/wp-content\\\/uploads\\\/2026\\\/04\\\/asus-vg27wq3b.jpg\",\"width\":800,\"height\":800},{\"@type\":\"BreadcrumbList\",\"@id\":\"https:\\\/\\\/www.epsilon-pc.fr\\\/index.php\\\/produit\\\/asus-tuf-gaming-vg27wq3b-ecran-plat-de-pc\\\/#breadcrumb\",\"itemListElement\":[{\"@type\":\"ListItem\",\"position\":1,\"name\":\"Accueil\",\"item\":\"https:\\\/\\\/www.epsilon-pc.fr\\\/\"},{\"@type\":\"ListItem\",\"position\":2,\"name\":\"Boutique\",\"item\":\"https:\\\/\\\/www.epsilon-pc.fr\\\/index.php\\\/boutique\\\/\"},{\"@type\":\"ListItem\",\"position\":3,\"name\":\"ASUS TUF GAMING VG27WQ3B \\\/ 27 Pouces\"}]},{\"@type\":\"WebSite\",\"@id\":\"https:\\\/\\\/www.epsilon-pc.fr\\\/#website\",\"url\":\"https:\\\/\\\/www.epsilon-pc.fr\\\/\",\"name\":\"Epsilon PC\",\"description\":\"\",\"publisher\":{\"@id\":\"https:\\\/\\\/www.epsilon-pc.fr\\\/#organization\"},\"potentialAction\":[{\"@type\":\"SearchAction\",\"target\":{\"@type\":\"EntryPoint\",\"urlTemplate\":\"https:\\\/\\\/www.epsilon-pc.fr\\\/?s={search_term_string}\"},\"query-input\":{\"@type\":\"PropertyValueSpecification\",\"valueRequired\":true,\"valueName\":\"search_term_string\"}}],\"inLanguage\":\"fr-FR\"},{\"@type\":\"Organization\",\"@id\":\"https:\\\/\\\/www.epsilon-pc.fr\\\/#organization\",\"name\":\"Epsilon PC\",\"url\":\"https:\\\/\\\/www.epsilon-pc.fr\\\/\",\"logo\":{\"@type\":\"ImageObject\",\"inLanguage\":\"fr-FR\",\"@id\":\"https:\\\/\\\/www.epsilon-pc.fr\\\/#\\\/schema\\\/logo\\\/image\\\/\",\"url\":\"https:\\\/\\\/www.epsilon-pc.fr\\\/wp-content\\\/uploads\\\/2026\\\/02\\\/cropped-LogoEpsi-1.bmp\",\"contentUrl\":\"https:\\\/\\\/www.epsilon-pc.fr\\\/wp-content\\\/uploads\\\/2026\\\/02\\\/cropped-LogoEpsi-1.bmp\",\"width\":191,\"height\":59,\"caption\":\"Epsilon PC\"},\"image\":{\"@id\":\"https:\\\/\\\/www.epsilon-pc.fr\\\/#\\\/schema\\\/logo\\\/image\\\/\"}}]}<\/script>\n<!-- \/ Yoast SEO plugin. -->","yoast_head_json":{"title":"ASUS TUF GAMING VG27WQ3B \/ 27 Pouces - Epsilon PC","robots":{"index":"index","follow":"follow","max-snippet":"max-snippet:-1","max-image-preview":"max-image-preview:large","max-video-preview":"max-video-preview:-1"},"canonical":"https:\/\/www.epsilon-pc.fr\/index.php\/produit\/asus-tuf-gaming-vg27wq3b-ecran-plat-de-pc\/","og_locale":"fr_FR","og_type":"article","og_title":"ASUS TUF GAMING VG27WQ3B \/ 27 Pouces - Epsilon PC","og_description":"\ud83e\udd85 ASUS : L'affichage sans compromis pour les joueurs et les cr\u00e9ateurs  Que vous cherchiez la fluidit\u00e9 absolue en jeu ou une colorim\u00e9trie parfaite pour le montage, ASUS propose des dalles de tr\u00e8s haute qualit\u00e9.   \ud83d\udc51 ROG &amp; TUF Gaming : Des fr\u00e9quences de rafra\u00eechissement extr\u00eames, des temps de r\u00e9ponse minimes et une compatibilit\u00e9 G-Sync\/FreeSync pour une fluidit\u00e9 parfaite.  \ud83c\udfa8 ProArt : Des \u00e9crans pr\u00e9-calibr\u00e9s en usine, destin\u00e9s aux professionnels de l'image exigeant une fid\u00e9lit\u00e9 absolue des couleurs.","og_url":"https:\/\/www.epsilon-pc.fr\/index.php\/produit\/asus-tuf-gaming-vg27wq3b-ecran-plat-de-pc\/","og_site_name":"Epsilon PC","article_modified_time":"2026-04-29T07:44:31+00:00","og_image":[{"width":800,"height":800,"url":"http:\/\/www.epsilon-pc.fr\/wp-content\/uploads\/2026\/04\/asus-vg27wq3b.jpg","type":"image\/jpeg"}],"twitter_card":"summary_large_image","twitter_misc":{"Dur\u00e9e de lecture estim\u00e9e":"3 minutes"},"schema":{"@context":"https:\/\/schema.org","@graph":[{"@type":"WebPage","@id":"https:\/\/www.epsilon-pc.fr\/index.php\/produit\/asus-tuf-gaming-vg27wq3b-ecran-plat-de-pc\/","url":"https:\/\/www.epsilon-pc.fr\/index.php\/produit\/asus-tuf-gaming-vg27wq3b-ecran-plat-de-pc\/","name":"ASUS TUF GAMING VG27WQ3B \/ 27 Pouces - Epsilon PC","isPartOf":{"@id":"https:\/\/www.epsilon-pc.fr\/#website"},"primaryImageOfPage":{"@id":"https:\/\/www.epsilon-pc.fr\/index.php\/produit\/asus-tuf-gaming-vg27wq3b-ecran-plat-de-pc\/#primaryimage"},"image":{"@id":"https:\/\/www.epsilon-pc.fr\/index.php\/produit\/asus-tuf-gaming-vg27wq3b-ecran-plat-de-pc\/#primaryimage"},"thumbnailUrl":"https:\/\/www.epsilon-pc.fr\/wp-content\/uploads\/2026\/04\/asus-vg27wq3b.jpg","datePublished":"2026-04-17T15:18:37+00:00","dateModified":"2026-04-29T07:44:31+00:00","breadcrumb":{"@id":"https:\/\/www.epsilon-pc.fr\/index.php\/produit\/asus-tuf-gaming-vg27wq3b-ecran-plat-de-pc\/#breadcrumb"},"inLanguage":"fr-FR","potentialAction":[{"@type":"ReadAction","target":["https:\/\/www.epsilon-pc.fr\/index.php\/produit\/asus-tuf-gaming-vg27wq3b-ecran-plat-de-pc\/"]}]},{"@type":"ImageObject","inLanguage":"fr-FR","@id":"https:\/\/www.epsilon-pc.fr\/index.php\/produit\/asus-tuf-gaming-vg27wq3b-ecran-plat-de-pc\/#primaryimage","url":"https:\/\/www.epsilon-pc.fr\/wp-content\/uploads\/2026\/04\/asus-vg27wq3b.jpg","contentUrl":"https:\/\/www.epsilon-pc.fr\/wp-content\/uploads\/2026\/04\/asus-vg27wq3b.jpg","width":800,"height":800},{"@type":"BreadcrumbList","@id":"https:\/\/www.epsilon-pc.fr\/index.php\/produit\/asus-tuf-gaming-vg27wq3b-ecran-plat-de-pc\/#breadcrumb","itemListElement":[{"@type":"ListItem","position":1,"name":"Accueil","item":"https:\/\/www.epsilon-pc.fr\/"},{"@type":"ListItem","position":2,"name":"Boutique","item":"https:\/\/www.epsilon-pc.fr\/index.php\/boutique\/"},{"@type":"ListItem","position":3,"name":"ASUS TUF GAMING VG27WQ3B \/ 27 Pouces"}]},{"@type":"WebSite","@id":"https:\/\/www.epsilon-pc.fr\/#website","url":"https:\/\/www.epsilon-pc.fr\/","name":"Epsilon PC","description":"","publisher":{"@id":"https:\/\/www.epsilon-pc.fr\/#organization"},"potentialAction":[{"@type":"SearchAction","target":{"@type":"EntryPoint","urlTemplate":"https:\/\/www.epsilon-pc.fr\/?s={search_term_string}"},"query-input":{"@type":"PropertyValueSpecification","valueRequired":true,"valueName":"search_term_string"}}],"inLanguage":"fr-FR"},{"@type":"Organization","@id":"https:\/\/www.epsilon-pc.fr\/#organization","name":"Epsilon PC","url":"https:\/\/www.epsilon-pc.fr\/","logo":{"@type":"ImageObject","inLanguage":"fr-FR","@id":"https:\/\/www.epsilon-pc.fr\/#\/schema\/logo\/image\/","url":"https:\/\/www.epsilon-pc.fr\/wp-content\/uploads\/2026\/02\/cropped-LogoEpsi-1.bmp","contentUrl":"https:\/\/www.epsilon-pc.fr\/wp-content\/uploads\/2026\/02\/cropped-LogoEpsi-1.bmp","width":191,"height":59,"caption":"Epsilon PC"},"image":{"@id":"https:\/\/www.epsilon-pc.fr\/#\/schema\/logo\/image\/"}}]}},"_links":{"self":[{"href":"https:\/\/www.epsilon-pc.fr\/index.php\/wp-json\/wp\/v2\/product\/11030","targetHints":{"allow":["GET"]}}],"collection":[{"href":"https:\/\/www.epsilon-pc.fr\/index.php\/wp-json\/wp\/v2\/product"}],"about":[{"href":"https:\/\/www.epsilon-pc.fr\/index.php\/wp-json\/wp\/v2\/types\/product"}],"wp:featuredmedia":[{"embeddable":true,"href":"https:\/\/www.epsilon-pc.fr\/index.php\/wp-json\/wp\/v2\/media\/11029"}],"wp:attachment":[{"href":"https:\/\/www.epsilon-pc.fr\/index.php\/wp-json\/wp\/v2\/media?parent=11030"}],"wp:term":[{"taxonomy":"product_brand","embeddable":true,"href":"https:\/\/www.epsilon-pc.fr\/index.php\/wp-json\/wp\/v2\/product_brand?post=11030"},{"taxonomy":"product_cat","embeddable":true,"href":"https:\/\/www.epsilon-pc.fr\/index.php\/wp-json\/wp\/v2\/product_cat?post=11030"},{"taxonomy":"product_tag","embeddable":true,"href":"https:\/\/www.epsilon-pc.fr\/index.php\/wp-json\/wp\/v2\/product_tag?post=11030"}],"curies":[{"name":"wp","href":"https:\/\/api.w.org\/{rel}","templated":true}]}}